{"id":3204,"date":"2020-02-05T13:03:59","date_gmt":"2020-02-05T12:03:59","guid":{"rendered":"https:\/\/app-web-ls-wp.azurewebsites.net\/abschluss-shirts\/?page_id=3204"},"modified":"2025-07-23T15:48:01","modified_gmt":"2025-07-23T14:48:01","slug":"zahlung-und-lieferung","status":"publish","type":"page","link":"https:\/\/lomestar.de\/abschluss-shirts\/zahlung-und-lieferung\/","title":{"rendered":"Zahlung und Lieferung"},"content":{"rendered":"\t\t<div data-elementor-type=\"wp-page\" data-elementor-id=\"3204\" class=\"elementor elementor-3204\" data-elementor-post-type=\"page\">\n\t\t\t\t\t\t<section class=\"elementor-section elementor-top-section elementor-element elementor-element-68984a80 elementor-section-boxed elementor-section-height-default elementor-section-height-default\" data-id=\"68984a80\" data-element_type=\"section\" data-e-type=\"section\">\n\t\t\t\t\t\t<div class=\"elementor-container elementor-column-gap-default\">\n\t\t\t\t\t<div class=\"elementor-column elementor-col-100 elementor-top-column elementor-element elementor-element-1b44a973\" data-id=\"1b44a973\" data-element_type=\"column\" data-e-type=\"column\">\n\t\t\t<div class=\"elementor-widget-wrap elementor-element-populated\">\n\t\t\t\t\t\t<div class=\"elementor-element elementor-element-44d0b703 elementor-widget elementor-widget-heading\" data-id=\"44d0b703\" data-element_type=\"widget\" data-e-type=\"widget\" data-widget_type=\"heading.default\">\n\t\t\t\t<div class=\"elementor-widget-container\">\n\t\t\t\t\t<h2 class=\"elementor-heading-title elementor-size-default\">Abschluss-Shirts - P\u00fcnktlich und schnell<\/h2>\t\t\t\t<\/div>\n\t\t\t\t<\/div>\n\t\t\t\t<div class=\"elementor-element elementor-element-335f9c33 elementor-widget elementor-widget-text-editor\" data-id=\"335f9c33\" data-element_type=\"widget\" data-e-type=\"widget\" data-widget_type=\"text-editor.default\">\n\t\t\t\t<div class=\"elementor-widget-container\">\n\t\t\t\t\t\t\t\t\t<p>Wir liefern euch geniale <strong><a href=\"https:\/\/lomestar.de\/abschluss-shirts\/motive\">Abschluss-Motive<\/a><\/strong><span style=\"font-size: 16px; font-style: normal; font-weight: 400;\">, erstellen euch aber auch ein Motiv nach euren <a href=\"https:\/\/lomestar.de\/abschluss-shirts\/eigenes-motiv\"><strong>eigenen W\u00fcnschen<\/strong><\/a><\/span><span style=\"font-size: 16px; font-style: normal; font-weight: 400;\">.<br \/><\/span><span style=\"font-size: 16px;\">Dabei steht euch eine gro\u00dfe Auswahl an verschiedensten <\/span><a style=\"font-size: 16px; background-color: #ffffff;\" href=\"https:\/\/lomestar.de\/textildruck\/textilien\/\"><strong>Textilien<\/strong><\/a><span style=\"font-size: 16px;\"> zur Auswahl.<\/span><\/p>\t\t\t\t\t\t\t\t<\/div>\n\t\t\t\t<\/div>\n\t\t\t\t<div class=\"elementor-element elementor-element-4e7acaf elementor-widget elementor-widget-image\" data-id=\"4e7acaf\" data-element_type=\"widget\" data-e-type=\"widget\" data-widget_type=\"image.default\">\n\t\t\t\t<div class=\"elementor-widget-container\">\n\t\t\t\t\t\t\t\t\t\t\t\t\t\t\t<img fetchpriority=\"high\" decoding=\"async\" width=\"1024\" height=\"396\" src=\"https:\/\/lomestar.de\/abschluss-shirts\/wp-content\/uploads\/sites\/4\/2020\/04\/DSC05919_bearb_filter-e1587025159330-1024x396.jpg\" class=\"attachment-large size-large wp-image-3404\" alt=\"Drei Jugendliche sitzen auf einem Container und schauen in die Gegend\" srcset=\"https:\/\/lomestar.de\/abschluss-shirts\/wp-content\/uploads\/sites\/4\/2020\/04\/DSC05919_bearb_filter-e1587025159330-1024x396.jpg 1024w, https:\/\/lomestar.de\/abschluss-shirts\/wp-content\/uploads\/sites\/4\/2020\/04\/DSC05919_bearb_filter-e1587025159330-300x116.jpg 300w, https:\/\/lomestar.de\/abschluss-shirts\/wp-content\/uploads\/sites\/4\/2020\/04\/DSC05919_bearb_filter-e1587025159330-768x297.jpg 768w, https:\/\/lomestar.de\/abschluss-shirts\/wp-content\/uploads\/sites\/4\/2020\/04\/DSC05919_bearb_filter-e1587025159330-1536x595.jpg 1536w, https:\/\/lomestar.de\/abschluss-shirts\/wp-content\/uploads\/sites\/4\/2020\/04\/DSC05919_bearb_filter-e1587025159330-600x232.jpg 600w, https:\/\/lomestar.de\/abschluss-shirts\/wp-content\/uploads\/sites\/4\/2020\/04\/DSC05919_bearb_filter-e1587025159330.jpg 1772w\" sizes=\"(max-width: 1024px) 100vw, 1024px\" \/>\t\t\t\t\t\t\t\t\t\t\t\t\t\t\t<\/div>\n\t\t\t\t<\/div>\n\t\t\t\t\t<\/div>\n\t\t<\/div>\n\t\t\t\t\t<\/div>\n\t\t<\/section>\n\t\t\t\t<section class=\"elementor-section elementor-top-section elementor-element elementor-element-1c0fd3b elementor-section-boxed elementor-section-height-default elementor-section-height-default\" data-id=\"1c0fd3b\" data-element_type=\"section\" data-e-type=\"section\">\n\t\t\t\t\t\t<div class=\"elementor-container elementor-column-gap-default\">\n\t\t\t\t\t<div class=\"elementor-column elementor-col-50 elementor-top-column elementor-element elementor-element-721b9bb\" data-id=\"721b9bb\" data-element_type=\"column\" data-e-type=\"column\">\n\t\t\t<div class=\"elementor-widget-wrap elementor-element-populated\">\n\t\t\t\t\t\t<div class=\"elementor-element elementor-element-f22cef9 elementor-widget elementor-widget-text-editor\" data-id=\"f22cef9\" data-element_type=\"widget\" data-e-type=\"widget\" data-widget_type=\"text-editor.default\">\n\t\t\t\t<div class=\"elementor-widget-container\">\n\t\t\t\t\t\t\t\t\t<h3 class=\"elementor-heading-title elementor-size-default elementor-inline-editing pen\" style=\"font-style: normal\" data-elementor-setting-key=\"title\" data-pen-placeholder=\"Eingabe hier...\">Zahlung<\/h3>\t\t\t\t\t\t\t\t<\/div>\n\t\t\t\t<\/div>\n\t\t\t\t<div class=\"elementor-element elementor-element-3eac730 elementor-widget elementor-widget-text-editor\" data-id=\"3eac730\" data-element_type=\"widget\" data-e-type=\"widget\" data-widget_type=\"text-editor.default\">\n\t\t\t\t<div class=\"elementor-widget-container\">\n\t\t\t\t\t\t\t\t\t<p><span style=\"font-size: 16px;font-style: normal;font-weight: 400\">Eure Bestellung bezahlt ihr per\u00a0<\/span><span style=\"font-size: 16px;font-style: normal;font-weight: bold\">Vorkasse<\/span><span style=\"font-size: 16px;font-style: normal;font-weight: 400\">.\u00a0<\/span><\/p><p><span style=\"font-size: 16px;font-style: normal;font-weight: 400\">Unser Tipp: Je z\u00fcgiger ihr das Geld einsammelt und den Betrag \u00fcberweist, desto schneller k\u00f6nnen wir eure Shirts drucken.<\/span><\/p>\t\t\t\t\t\t\t\t<\/div>\n\t\t\t\t<\/div>\n\t\t\t\t\t<\/div>\n\t\t<\/div>\n\t\t\t\t<div class=\"elementor-column elementor-col-50 elementor-top-column elementor-element elementor-element-096089f\" data-id=\"096089f\" data-element_type=\"column\" data-e-type=\"column\">\n\t\t\t<div class=\"elementor-widget-wrap elementor-element-populated\">\n\t\t\t\t\t\t<div class=\"elementor-element elementor-element-4d7c2a4 elementor-widget elementor-widget-text-editor\" data-id=\"4d7c2a4\" data-element_type=\"widget\" data-e-type=\"widget\" data-widget_type=\"text-editor.default\">\n\t\t\t\t<div class=\"elementor-widget-container\">\n\t\t\t\t\t\t\t\t\t<h3 class=\"elementor-heading-title elementor-size-default elementor-inline-editing pen\" style=\"font-style: normal\" data-elementor-setting-key=\"title\" data-pen-placeholder=\"Eingabe hier...\">Versandkosten<\/h3>\t\t\t\t\t\t\t\t<\/div>\n\t\t\t\t<\/div>\n\t\t\t\t<div class=\"elementor-element elementor-element-14ed5e2 elementor-widget elementor-widget-text-editor\" data-id=\"14ed5e2\" data-element_type=\"widget\" data-e-type=\"widget\" data-widget_type=\"text-editor.default\">\n\t\t\t\t<div class=\"elementor-widget-container\">\n\t\t\t\t\t\t\t\t\t<p><span style=\"font-size: 16px;font-style: normal;font-weight: 400\">Wir berechnen generell eine <\/span><span style=\"font-size: 16px;font-style: normal;font-weight: bold\">Versandkosten<\/span><span style=\"font-size: 16px;font-style: normal;font-weight: bold\">pauschale von 9,50 \u20ac<\/span><span style=\"font-size: 16px;font-style: normal;font-weight: 400\">. Ab einem Warenwert von\u00a0<\/span><span style=\"font-size: 16px;font-style: normal;font-weight: bold\">1000 \u20ac<\/span><span style=\"font-size: 16px;font-style: normal;font-weight: 400\"> bekommt ihr eure Textilien <\/span><span style=\"font-size: 16px;font-style: normal;font-weight: bold\">versandkostenfrei<\/span><span style=\"font-size: 16px;font-style: normal;font-weight: 400\"> zugestellt.<\/span><\/p>\t\t\t\t\t\t\t\t<\/div>\n\t\t\t\t<\/div>\n\t\t\t\t\t<\/div>\n\t\t<\/div>\n\t\t\t\t\t<\/div>\n\t\t<\/section>\n\t\t\t\t<section class=\"elementor-section elementor-top-section elementor-element elementor-element-4cfb13e elementor-section-boxed elementor-section-height-default elementor-section-height-default\" data-id=\"4cfb13e\" data-element_type=\"section\" data-e-type=\"section\">\n\t\t\t\t\t\t<div class=\"elementor-container elementor-column-gap-default\">\n\t\t\t\t\t<div class=\"elementor-column elementor-col-50 elementor-top-column elementor-element elementor-element-0911d89\" data-id=\"0911d89\" data-element_type=\"column\" data-e-type=\"column\">\n\t\t\t<div class=\"elementor-widget-wrap elementor-element-populated\">\n\t\t\t\t\t\t<div class=\"elementor-element elementor-element-22aea71 elementor-widget elementor-widget-text-editor\" data-id=\"22aea71\" data-element_type=\"widget\" data-e-type=\"widget\" data-widget_type=\"text-editor.default\">\n\t\t\t\t<div class=\"elementor-widget-container\">\n\t\t\t\t\t\t\t\t\t<h3 class=\"elementor-heading-title elementor-size-default elementor-inline-editing pen\" style=\"font-style: normal\" data-elementor-setting-key=\"title\" data-pen-placeholder=\"Eingabe hier...\">Lieferzeit<\/h3>\t\t\t\t\t\t\t\t<\/div>\n\t\t\t\t<\/div>\n\t\t\t\t<div class=\"elementor-element elementor-element-4f07219 elementor-widget elementor-widget-text-editor\" data-id=\"4f07219\" data-element_type=\"widget\" data-e-type=\"widget\" data-widget_type=\"text-editor.default\">\n\t\t\t\t<div class=\"elementor-widget-container\">\n\t\t\t\t\t\t\t\t\t<p style=\"font-size: 16px;font-style: normal;font-weight: 400\">Die Lieferung der Textilien erfolgt f\u00fcr gew\u00f6hnlich innerhalb 20 Arbeitstage nach Best\u00e4tigung der Druckvorschau. Je nach Druckverfahren und Auftragslage kann diese variieren.\u00a0<\/p><p style=\"font-size: 16px;font-style: normal;font-weight: 400\"><span style=\"font-size: 16px\">Bitte nennt uns immer euren\u00a0<span style=\"font-size: 16px;font-weight: bold\">Wunschtermin<\/span>, damit wir versuchen k\u00f6nnen diesen zu realisieren.<\/span><\/p>\t\t\t\t\t\t\t\t<\/div>\n\t\t\t\t<\/div>\n\t\t\t\t\t<\/div>\n\t\t<\/div>\n\t\t\t\t<div class=\"elementor-column elementor-col-50 elementor-top-column elementor-element elementor-element-b66e318\" data-id=\"b66e318\" data-element_type=\"column\" data-e-type=\"column\">\n\t\t\t<div class=\"elementor-widget-wrap elementor-element-populated\">\n\t\t\t\t\t\t<div class=\"elementor-element elementor-element-020de99 elementor-widget elementor-widget-text-editor\" data-id=\"020de99\" data-element_type=\"widget\" data-e-type=\"widget\" data-widget_type=\"text-editor.default\">\n\t\t\t\t<div class=\"elementor-widget-container\">\n\t\t\t\t\t\t\t\t\t<h3 class=\"elementor-heading-title elementor-size-default elementor-inline-editing pen\" style=\"font-style: normal\" data-elementor-setting-key=\"title\" data-pen-placeholder=\"Eingabe hier...\">Express Lieferung<\/h3>\t\t\t\t\t\t\t\t<\/div>\n\t\t\t\t<\/div>\n\t\t\t\t<div class=\"elementor-element elementor-element-bc708d0 elementor-widget elementor-widget-text-editor\" data-id=\"bc708d0\" data-element_type=\"widget\" data-e-type=\"widget\" data-widget_type=\"text-editor.default\">\n\t\t\t\t<div class=\"elementor-widget-container\">\n\t\t\t\t\t\t\t\t\t<p><span style=\"font-size: 16px;font-style: normal;font-weight: 400\">Eine Express Lieferung ist gegen einen\u00a0<\/span><span style=\"font-size: 16px;font-style: normal;font-weight: bold\">Aufpreis<\/span><span style=\"font-size: 16px;font-style: normal;font-weight: 400\">\u00a0m\u00f6glich. Ihr erhaltet eure Abschluss-Textilien innerhalb\u00a0<\/span><span style=\"font-size: 16px;font-style: normal;font-weight: bold\">k\u00fcrzester Zeit<\/span><span style=\"font-size: 16px;font-style: normal;font-weight: 400\">. Um die genauen Kosten zu bestimmen, sprecht uns einfach an!<\/span><\/p>\t\t\t\t\t\t\t\t<\/div>\n\t\t\t\t<\/div>\n\t\t\t\t\t<\/div>\n\t\t<\/div>\n\t\t\t\t\t<\/div>\n\t\t<\/section>\n\t\t\t\t<\/div>\n\t\t","protected":false},"excerpt":{"rendered":"<p>Abschluss-Shirts &#8211; P\u00fcnktlich und schnell Wir liefern euch geniale Abschluss-Motive, erstellen euch aber auch ein Motiv nach euren eigenen W\u00fcnschen.Dabei steht euch eine gro\u00dfe Auswahl an verschiedensten Textilien zur Auswahl. Zahlung Eure Bestellung bezahlt ihr per\u00a0Vorkasse.\u00a0 Unser Tipp: Je z\u00fcgiger ihr das Geld einsammelt und den Betrag \u00fcberweist, desto schneller k\u00f6nnen wir eure Shirts drucken. [&hellip;]<\/p>\n","protected":false},"author":3,"featured_media":0,"parent":0,"menu_order":0,"comment_status":"closed","ping_status":"closed","template":"","meta":{"site-sidebar-layout":"no-sidebar","site-content-layout":"page-builder","ast-site-content-layout":"default","site-content-style":"default","site-sidebar-style":"default","ast-global-header-display":"","ast-banner-title-visibility":"","ast-main-header-display":"","ast-hfb-above-header-display":"","ast-hfb-below-header-display":"","ast-hfb-mobile-header-display":"","site-post-title":"disabled","ast-breadcrumbs-content":"","ast-featured-img":"disabled","footer-sml-layout":"","ast-disable-related-posts":"","theme-transparent-header-meta":"default","adv-header-id-meta":"","stick-header-meta":"default","header-above-stick-meta":"","header-main-stick-meta":"","header-below-stick-meta":"","astra-migrate-meta-layouts":"default","ast-page-background-enabled":"default","ast-page-background-meta":{"desktop":{"background-color":"","background-image":"","background-repeat":"repeat","background-position":"center center","background-size":"auto","background-attachment":"scroll","background-type":"","background-media":"","overlay-type":"","overlay-color":"","overlay-opacity":"","overlay-gradient":""},"tablet":{"background-color":"","background-image":"","background-repeat":"repeat","background-position":"center center","background-size":"auto","background-attachment":"scroll","background-type":"","background-media":"","overlay-type":"","overlay-color":"","overlay-opacity":"","overlay-gradient":""},"mobile":{"background-color":"","background-image":"","background-repeat":"repeat","background-position":"center center","background-size":"auto","background-attachment":"scroll","background-type":"","background-media":"","overlay-type":"","overlay-color":"","overlay-opacity":"","overlay-gradient":""}},"ast-content-background-meta":{"desktop":{"background-color":"var(--ast-global-color-5)","background-image":"","background-repeat":"repeat","background-position":"center center","background-size":"auto","background-attachment":"scroll","background-type":"","background-media":"","overlay-type":"","overlay-color":"","overlay-opacity":"","overlay-gradient":""},"tablet":{"background-color":"var(--ast-global-color-5)","background-image":"","background-repeat":"repeat","background-position":"center center","background-size":"auto","background-attachment":"scroll","background-type":"","background-media":"","overlay-type":"","overlay-color":"","overlay-opacity":"","overlay-gradient":""},"mobile":{"background-color":"var(--ast-global-color-5)","background-image":"","background-repeat":"repeat","background-position":"center center","background-size":"auto","background-attachment":"scroll","background-type":"","background-media":"","overlay-type":"","overlay-color":"","overlay-opacity":"","overlay-gradient":""}},"footnotes":""},"folder":[],"class_list":["post-3204","page","type-page","status-publish","hentry"],"_links":{"self":[{"href":"https:\/\/lomestar.de\/abschluss-shirts\/wp-json\/wp\/v2\/pages\/3204","targetHints":{"allow":["GET"]}}],"collection":[{"href":"https:\/\/lomestar.de\/abschluss-shirts\/wp-json\/wp\/v2\/pages"}],"about":[{"href":"https:\/\/lomestar.de\/abschluss-shirts\/wp-json\/wp\/v2\/types\/page"}],"author":[{"embeddable":true,"href":"https:\/\/lomestar.de\/abschluss-shirts\/wp-json\/wp\/v2\/users\/3"}],"replies":[{"embeddable":true,"href":"https:\/\/lomestar.de\/abschluss-shirts\/wp-json\/wp\/v2\/comments?post=3204"}],"version-history":[{"count":0,"href":"https:\/\/lomestar.de\/abschluss-shirts\/wp-json\/wp\/v2\/pages\/3204\/revisions"}],"wp:attachment":[{"href":"https:\/\/lomestar.de\/abschluss-shirts\/wp-json\/wp\/v2\/media?parent=3204"}],"wp:term":[{"taxonomy":"folder","embeddable":true,"href":"https:\/\/lomestar.de\/abschluss-shirts\/wp-json\/wp\/v2\/folder?post=3204"}],"curies":[{"name":"wp","href":"https:\/\/api.w.org\/{rel}","templated":true}]}}